is the units digit of 2565?
5
What is the hundreds digit of 7758?
7
What is the units digit of 637?
7
What is the tens digit of 224?
2
What is the tens digit of 13324?
2
What is the units digit of 24604?
4
What is the hundreds digit of 3734?
7
What is the hundreds digit of 1754?
7
What is the tens digit of 12228?
2
What is the units digit of 48?
8
What is the hundreds digit of 3155?
1
What is the hundreds digit of 5679?
6
What is the hundreds digit of 1011?
0
What is the tens digit of 1129?
2
What is the hundreds digit of 855?
8
What is the hundreds digit of 153?
1
What is the hundreds digit of 1146?
1
What is the tens digit of 10312?
1
What is the ten thousands digit of 48902?
4
What is the units digit of 11335?
5
What is the thousands digit of 10156?
0
What is the units digit of 5099?
9
What is the hundreds digit of 612?
6
What is the tens digit of 516?
1
What is the units digit of 23980?
0
What is the hundreds digit of 88736?
7
What is the hundreds digit of 93477?
4
What is the hundreds digit of 20171?
1
What is the tens digit of 3519?
1
What is the tens digit of 1816?
1
What is the thousands digit of 3773?
3
What is the tens digit of 5729?
2
What is the tens digit of 29673?
7
What is the units digit of 1089?
9
What is the units digit of 3359?
9
What is the hundred thousands digit of 132187?
1
What is the tens digit of 16518?
1
What is the tens digit of 8699?
9
What is the units digit of 182001?
1
What is the hundreds digit of 10977?
9
What is the tens digit of 933?
3
What is the thousands digit of 55614?
5
What is the units digit of 904?
4
What is the units digit of 41387?
7
What is the tens digit of 10264?
6
What is the thousands digit of 2153?
2
What is the hundreds digit of 18040?
0
What is the hundreds digit of 1986?
9
What is the hundreds digit of 340?
3
What is the units digit of 1005?
5
What is the ten thousands digit of 26827?
2
What is the units digit of 3595?
5
What is the ten thousands digit of 20472?
2
What is the units digit of 408?
8
What is the units digit of 245?
5
What is the tens digit of 39907?
0
What is the thousands digit of 25462?
5
What is the units digit of 114036?
6
What is the hundreds digit of 4525?
5
What is the hundreds digit of 793?
7
What is the thousands digit of 1774?
1
What is the thousands digit of 15652?
5
What is the tens digit of 1195?
9
What is the tens digit of 637?
3
What is the thousands digit of 19076?
9
What is the ten thousands digit of 51581?
5
What is the tens digit of 417?
1
What is the tens digit of 28008?
0
What is the tens digit of 255?
5
What is the units digit of 14908?
8
What is the units digit of 10760?
0
What is the units digit of 45074?
4
What is the ten thousands digit of 74681?
7
What is the ten thousands digit of 13878?
1
What is the hundreds digit of 55722?
7
What is the thousands digit of 17542?
7
What is the tens digit of 1396?
9
What is the thousands digit of 3108?
3
What is the tens digit of 1829?
2
What is the tens digit of 15242?
4
What is the tens digit of 344?
4
What is the tens digit of 17986?
8
What is the ten thousands digit of 13652?
1
What is the tens digit of 1973?
7
What is the hundreds digit of 709?
7
What is the units digit of 5385?
5
What is the hundreds digit of 44541?
5
What is the units digit of 8011?
1
What is the ten thousands digit of 46040?
4
What is the thousands digit of 176695?
6
What is the tens digit of 86?
8
What is the tens digit of 48577?
7
What is the thousands digit of 1016?
1
What is the hundreds digit of 37181?
1
What is the tens digit of 82?
8
What is the ten thousands digit of 32966?
3
What is the tens digit of 84616?
1
What is the units digit of 14533?
3
What is the hundreds digit of 34834?
8
What is the hundreds digit of 64529?
5
What is the hundreds digit of 448?
4
What is the hundreds digit of 134109?
1
What is the ten thousands digit of 27143?
2
What is the tens digit of 6099?
9
What is the thousands digit of 6117?
6
What is the units digit of 19848?
8
What is the tens digit of 57692?
9
What is the units digit of 555?
5
What is the units digit of 6272?
2
What is the hundreds digit of 34608?
6
What is the hundreds digit of 871?
8
What is the hundreds digit of 2377?
3
What is the thousands digit of 1912?
1
What is the tens digit of 2658?
5
What is the ten thousands digit of 138033?
3
What is the tens digit of 1493?
9
What is the units digit of 3972?
2
What is the hundreds digit of 11799?
7
What is the units digit of 1702?
2
What is the tens digit of 1925?
2
What is the thousands digit of 47473?
7
What is the ten thousands digit of 11998?
1
What is the thousands digit of 1249?
1
What is the hundreds digit of 477?
4
What is the hundreds digit of 3289?
2
What is the thousands digit of 87818?
7
What is the thousands digit of 1260?
1
What is the tens digit of 83531?
3
What is the tens digit of 74312?
1
What is the tens digit of 117558?
5
What is the tens digit of 269?
6
What is the units digit of 7838?
8
What is the tens digit of 7026?
2
What is the ten thousands digit of 15796?
1
What is the ten thousands digit of 111137?
1
What is the hundreds digit of 4322?
3
What is the units digit of 9215?
5
What is the hundreds digit of 73238?
2
What is the tens digit of 80049?
4
What is the thousands digit of 23578?
3
What is the tens digit of 1079?
7
What is the thousands digit of 58766?
8
What is the hundreds digit of 10611?
6
What is the hundreds digit of 5700?
7
What is the tens digit of 2602?
0
What is the tens digit of 47?
4
What is the thousands digit of 158109?
8
What is the hundreds digit of 13403?
4
What is the tens digit of 1463?
6
What is the thousands digit of 12329?
2
What is the thousands digit of 2496?
2
What is the tens digit of 16313?
1
What is the hundreds digit of 1698?
6
What is the hundreds digit of 746?
7
What is the hundreds digit of 999?
9
What is the units digit of 36?
6
What is the tens digit of 2195?
9
What is the ten thousands digit of 36654?
3
What is the tens digit of 15812?
1
What is the units digit of 54855?
5
What is the thousands digit of 9633?
9
What is the thousands digit of 32260?
2
What is the hundreds digit of 35570?
5
What is the tens digit of 26129?
2
What is the hundreds digit of 141?
1
What is the tens digit of 17265?
6
What is the tens digit of 3230?
3
What is the thousands digit of 1355?
1
What is the thousands digit of 1803?
1
What is the thousands digit of 1659?
1
What is the ten thousands digit of 115405?
1
What is the hundreds digit of 8986?
9
What is the thousands digit of 7342?
7
What is the units digit of 8928?
8
What is the thousands digit of 45892?
5
What is the units digit of 77732?
2
What is the units digit of 523?
3
What is the units digit of 59067?
7
What is the units digit of 4739?
9
What is the tens digit of 12179?
7
What is the thousands digit of 17993?
7
What is the tens digit of 5093?
9
What is the units digit of 6610?
0
What is the hundreds digit of 84592?
5
What is the thousands digit of 3656?
3
What is the hundreds digit of 904?
9
What is the thousands digit of 2913?
2
What is the units digit of 2637?
7
What is the tens digit of 300?
0
What is the ten thousands digit of 41449?
4
What is the thousands digit of 64940?
4
What is the ten thousands digit of 145037?
4
What is the tens digit of 1149?
4
What is the ten thousands digit of 66179?
6
What is the hundreds digit of 113030?
0
What is the units digit of 1346?
6
What is the thousands digit of 1086?
1
What is the tens digit of 132?
3
What is the tens digit of 592?
9
What is the units digit of 865?
5
What is the tens digit of 4340?
4
What is the hundreds digit of 33867?
8
What is the thousands digit of 3239?
3
What is the thousands digit of 47509?
7
What is the tens digit of 20?
2
What is the tens digit of 5999?
9
What is the units digit of 5158?
8
What is the hundreds digit of 8873?
8
What is the hundreds digit of 4939?
9
What is the tens digit of 833?
3
What is the thousands digit of 83305?
3
What is the thousands digit of 4955?
4
What is the hundreds digit of 1696?
6
What is the units digit of 18581?
1
What is the hundreds digit of 7376?
3
What is the thousands digit of 44358?
4
What is the tens digit of 116?
1
What is the units digit of 515?
5
What is the tens digit of 27979?
7
What is the units digit of 7910?
0
What is the thousa